{"id":86,"date":"2021-01-19T17:27:56","date_gmt":"2021-01-19T16:27:56","guid":{"rendered":"http:\/\/sdbts.yadmordekhai.com\/?page_id=86"},"modified":"2021-06-10T22:15:52","modified_gmt":"2021-06-10T20:15:52","slug":"android-studio","status":"publish","type":"page","link":"https:\/\/sarah.delahaye.pro\/index.php\/android-studio\/","title":{"rendered":"GSB_AppliAndroid"},"content":{"rendered":"<p><a href=\"https:\/\/github.com\/sarah51716\/PPE_Android\" target=\"_blank\" rel=\"noopener\"><br \/>\n\t\t\t\t\t\tGithub<br \/>\n\t\t\t\t\t\t\t\t\t\t\t<\/a><\/p>\n<h1>Laboratoire<br \/>Galaxy Swiss <br \/>Bourdin<\/h1>\n<p>\t\t\t<a href=\"https:\/\/github.com\/sarah51716\/PPE_Android\" target=\"_blank\" role=\"button\" rel=\"noopener\"><br \/>\n\t\t\t\t\t\tMon PPE<br \/>\n\t\t\t\t\t<\/a><\/p>\n<p>Voici le premier PPE r\u00e9alis\u00e9 au cours de ma formation.<br \/>Vous y trouverez toutes les ressources n\u00e9cessaires ainsi que le code associ\u00e9 au projet.<\/p>\n<p>\t\t\tGSB_AppliAndroid\t\t<\/p>\n<h1>Introduction<\/h1>\n<p>En 2009, deux g\u00e9ants pharmaceutiques Galaxy et Swiss Bourdin ont uni leurs forces pour cr\u00e9er un leader de ce secteur industriel. Le laboratoire cr\u00e9e, l&rsquo;entit\u00e9 Galaxy Swiss Bourdin souhaite uniformiser la gestion des frais professionnels des visiteurs m\u00e9dicaux via le d\u00e9veloppement en interne d&rsquo;une application Android.<\/p>\n<p>Le laboratoire GSB souhaite maintenant d\u00e9dier une application Android pour les visiteurs m\u00e9dicaux qui sont souvent sur le terrain, et qui par cons\u00e9quent ont besoin d&rsquo;une solution mobile. Le PPE1 sera d\u00e9velopp\u00e9 sur l&rsquo;environnement AndroidStudio.<\/p>\n<p>Il permettra de d\u00e9clarer des frais forfait et hors forfait, de consulter les frais dans leur totalit\u00e9 et d&rsquo;envoyer les donn\u00e9es persist\u00e9es dans la base de donn\u00e9es centrales<\/p>\n<h2>Ressources re\u00e7ues<\/h2>\n<p>Voici les ressources n\u00e9cessaires fournies pour le d\u00e9veloppement du site internet GSB_AppliFrais :<\/p>\n<p>\t\t\t\t<a href=\"http:\/\/sdbts.yadmordekhai.com\/wp-content\/uploads\/2021\/05\/GSB-Contexte.pdf\" target=\"_blank\" rel=\"noopener\"><br \/>\n\t\t\t\t\t\t\t\t<\/a><\/p>\n<h3>\n\t\t\t\t\t<a href=\"http:\/\/sdbts.yadmordekhai.com\/wp-content\/uploads\/2021\/05\/GSB-Contexte.pdf\" target=\"_blank\" rel=\"noopener\">Contexte professionnel<\/a><br \/>\n\t\t\t\t<\/h3>\n<p>\t\t\t\t<a href=\"http:\/\/sdbts.yadmordekhai.com\/wp-content\/uploads\/2021\/05\/GSB-Cahier_des_charges.pdf\" target=\"_blank\" rel=\"noopener\"><br \/>\n\t\t\t\t\t\t\t\t<\/a><\/p>\n<h3>\n\t\t\t\t\t<a href=\"http:\/\/sdbts.yadmordekhai.com\/wp-content\/uploads\/2021\/05\/GSB-Cahier_des_charges.pdf\" target=\"_blank\" rel=\"noopener\">Cahier des charges<\/a><br \/>\n\t\t\t\t<\/h3>\n<p>\t\t\t\t<a href=\"http:\/\/sdbts.yadmordekhai.com\/wp-content\/uploads\/2021\/05\/GSB-Android-E\u0301bauches-Formulaires.pdf\" target=\"_blank\" rel=\"noopener\"><br \/>\n\t\t\t\t\t\t\t\t<\/a><\/p>\n<h3>\n\t\t\t\t\t<a href=\"http:\/\/sdbts.yadmordekhai.com\/wp-content\/uploads\/2021\/05\/GSB-Android-E\u0301bauches-Formulaires.pdf\" target=\"_blank\" rel=\"noopener\">Ebauche de formulaires<\/a><br \/>\n\t\t\t\t<\/h3>\n<h1>Logiciels utilis\u00e9s<\/h1>\n<ul>\n<li>Utilisation de l\u2019IDE Android Studio<\/li>\n<li>SQLite: moteur de base de donn\u00e9es relationnelle embarqu\u00e9 sur Android<\/li>\n<li>Sdk (Software Development Kit) : environnement de d\u00e9veloppement facilitant la t\u00e2che du d\u00e9veloppeur par la pr\u00e9sence d\u2019exemples, de documentation mais surtout de l\u2019API de programmation du syst\u00e8me et d\u2019un \u00e9mulateur pour tester ses applications<\/li>\n<li>\u00a0Android Virtual Device (AVD) Manager: outil permettant d\u2019\u00e9muler des terminaux Android sur son ordinateur<\/li>\n<li>API 22.<\/li>\n<li>Github: pour les d\u00e9p\u00f4ts des r\u00e9pertoires locaux<\/li>\n<\/ul>\n<h1>Productions<\/h1>\n<ul>\n<li>Ajouter ou supprimer un frais au forfait<\/li>\n<li>Ajouter ou supprimer un frais hors forfait<\/li>\n<li>Consulter les frais et leur montant total<\/li>\n<li>Exporter les frais sur un serveur distant<\/li>\n<li>Modifier le compte utilisateur<\/li>\n<\/ul>\n<h2>Realisation<\/h2>\n<p>Voici les liens des documents et codes produits<\/p>\n<p>\t\t\t\t<a href=\"https:\/\/github.com\/sarah51716\/PPE_Android\" target=\"_blank\" rel=\"noopener\"><br \/>\n\t\t\t\t\t\t\t\t<\/a><\/p>\n<h3>\n\t\t\t\t\t<a href=\"https:\/\/github.com\/sarah51716\/PPE_Android\" target=\"_blank\" rel=\"noopener\">Code de la partie comptable<\/a><br \/>\n\t\t\t\t<\/h3>\n<p>\t\t\t\t<a href=\"http:\/\/sdbts.yadmordekhai.com\/wp-content\/uploads\/2021\/06\/ilovepdf_merged.pdf\" target=\"_blank\" rel=\"noopener\"><br \/>\n\t\t\t\t\t\t\t\t<\/a><\/p>\n<h3>\n\t\t\t\t\t<a href=\"http:\/\/sdbts.yadmordekhai.com\/wp-content\/uploads\/2021\/06\/ilovepdf_merged.pdf\" target=\"_blank\" rel=\"noopener\">Documentation technique<\/a><br \/>\n\t\t\t\t<\/h3>\n<p>\t\t\t\t<a href=\"http:\/\/sdbts.yadmordekhai.com\/wp-content\/uploads\/2021\/05\/doc-utilisateur-gsb_Android.pdf\" target=\"_blank\" rel=\"noopener\"><br \/>\n\t\t\t\t\t\t\t\t<\/a><\/p>\n<h3>\n\t\t\t\t\t<a href=\"http:\/\/sdbts.yadmordekhai.com\/wp-content\/uploads\/2021\/05\/doc-utilisateur-gsb_Android.pdf\" target=\"_blank\" rel=\"noopener\">Documentation utilisateur<\/a><br \/>\n\t\t\t\t<\/h3>\n<h1>Comp\u00e9tences associ\u00e9es<\/h1>\n<ul>\n<li>A.1.1.1\u00a0\u2013 Analyse du cahier des charges d\u2019un service \u00e0 produire<\/li>\n<li>A4.1.1 \u2013 Proposition d\u2019une solution applicative<\/li>\n<li>A4.1.2 \u2013 Conception ou adaptation de l\u2019interface utilisateur d\u2019une solution applicative<\/li>\n<li>A4.1.3 \u2013 Conception ou adaptation d\u2019une base de donn\u00e9es<\/li>\n<li>A4.1.6 \u2013 Gestion d\u2019environnements de d\u00e9veloppement et de test<\/li>\n<li>A4.1.7 \u2013 D\u00e9veloppement, utilisation ou adaptation de composants logiciels<\/li>\n<li>A4.1.8 \u2013 R\u00e9alisation des tests n\u00e9cessaires \u00e0 la validation d\u2019\u00e9l\u00e9ments adapt\u00e9s ou d\u00e9velopp\u00e9s<\/li>\n<li>A5.1.1 \u2013 Mise en place d\u2019une gestion de configuration<\/li>\n<\/ul>\n","protected":false},"excerpt":{"rendered":"<p>Github LaboratoireGalaxy Swiss Bourdin Mon PPE Voici le premier PPE r\u00e9alis\u00e9 au cours de ma formation.Vous y trouverez toutes les ressources n\u00e9cessaires ainsi que le code associ\u00e9 au projet. GSB_AppliAndroid Introduction En 2009, deux g\u00e9ants pharmaceutiques Galaxy et Swiss Bourdin ont uni leurs forces pour cr\u00e9er un leader de ce secteur industriel. Le laboratoire cr\u00e9e, l&rsquo;entit\u00e9 Galaxy Swiss Bourdin souhaite &hellip; <\/p>\n","protected":false},"author":1,"featured_media":0,"parent":0,"menu_order":0,"comment_status":"closed","ping_status":"closed","template":"","meta":[],"_links":{"self":[{"href":"https:\/\/sarah.delahaye.pro\/index.php\/wp-json\/wp\/v2\/pages\/86"}],"collection":[{"href":"https:\/\/sarah.delahaye.pro\/index.php\/wp-json\/wp\/v2\/pages"}],"about":[{"href":"https:\/\/sarah.delahaye.pro\/index.php\/wp-json\/wp\/v2\/types\/page"}],"author":[{"embeddable":true,"href":"https:\/\/sarah.delahaye.pro\/index.php\/wp-json\/wp\/v2\/users\/1"}],"replies":[{"embeddable":true,"href":"https:\/\/sarah.delahaye.pro\/index.php\/wp-json\/wp\/v2\/comments?post=86"}],"version-history":[{"count":12,"href":"https:\/\/sarah.delahaye.pro\/index.php\/wp-json\/wp\/v2\/pages\/86\/revisions"}],"predecessor-version":[{"id":1571,"href":"https:\/\/sarah.delahaye.pro\/index.php\/wp-json\/wp\/v2\/pages\/86\/revisions\/1571"}],"wp:attachment":[{"href":"https:\/\/sarah.delahaye.pro\/index.php\/wp-json\/wp\/v2\/media?parent=86"}],"curies":[{"name":"wp","href":"https:\/\/api.w.org\/{rel}","templated":true}]}}