{"id":85,"date":"2021-01-19T17:27:56","date_gmt":"2021-01-19T16:27:56","guid":{"rendered":"http:\/\/sdbts.yadmordekhai.com\/?page_id=85"},"modified":"2021-04-16T13:52:50","modified_gmt":"2021-04-16T11:52:50","slug":"urban-marginal","status":"publish","type":"page","link":"https:\/\/sarah.delahaye.pro\/index.php\/urban-marginal\/","title":{"rendered":"Urban Marginal"},"content":{"rendered":"<h5>TP DE D\u00c9VELOPPEMENT D&rsquo;APPLICATION CONSISTANT \u00c0 CR\u00c9ER UN JEU EN 2D<\/h5>\n<h6>\n<h2>Contexte du site<\/h6>\n<p>Ce TP est un projet de d\u00e9veloppement d\u2019une application en local et de son d\u00e9ploiement. L\u2019application d\u00e9velopp\u00e9e est un jeu 2D comportant des joueurs qui s\u2019affrontent dans une ar\u00e8ne. Elle met en relation les clients qui se connectent au serveur et les clients peuvent jouer \u00e0 distance.<\/p>\n<h6>\n<h2>Mes captures<\/h6>\n<h5>TP Urban Marginal<\/h5>\n<figure class='gallery-item'>\n\t\t\t\t<a data-elementor-open-lightbox=\"yes\" data-elementor-lightbox-slideshow=\"32541840\" data-elementor-lightbox-title=\"logo\" href='http:\/\/sdbts.yadmordekhai.com\/wp-content\/uploads\/2021\/04\/telechargement-3-1.png'><img width=\"259\" height=\"194\" src=\"http:\/\/sdbts.yadmordekhai.com\/wp-content\/uploads\/2021\/04\/telechargement-3-1.png\" alt=\"\" loading=\"lazy\" srcset=\"http:\/\/sdbts.yadmordekhai.com\/wp-content\/uploads\/2021\/04\/telechargement-3-1.png 259w, http:\/\/sdbts.yadmordekhai.com\/wp-content\/uploads\/2021\/04\/telechargement-3-1-80x60.png 80w\" sizes=\"(max-width: 259px) 100vw, 259px\" \/><\/a><br \/>\n\t\t\t<\/figure>\n<figure class='gallery-item'>\n\t\t\t\t<a data-elementor-open-lightbox=\"yes\" data-elementor-lightbox-slideshow=\"32541840\" data-elementor-lightbox-title=\"eclipse\" href='http:\/\/sdbts.yadmordekhai.com\/wp-content\/uploads\/2021\/04\/eclipse-1.jpg'><img width=\"440\" height=\"298\" src=\"http:\/\/sdbts.yadmordekhai.com\/wp-content\/uploads\/2021\/04\/eclipse-1.jpg\" alt=\"\" loading=\"lazy\" srcset=\"http:\/\/sdbts.yadmordekhai.com\/wp-content\/uploads\/2021\/04\/eclipse-1.jpg 440w, http:\/\/sdbts.yadmordekhai.com\/wp-content\/uploads\/2021\/04\/eclipse-1-300x203.jpg 300w, http:\/\/sdbts.yadmordekhai.com\/wp-content\/uploads\/2021\/04\/eclipse-1-89x60.jpg 89w\" sizes=\"(max-width: 440px) 100vw, 440px\" \/><\/a><br \/>\n\t\t\t<\/figure>\n<figure class='gallery-item'>\n\t\t\t\t<a data-elementor-open-lightbox=\"yes\" data-elementor-lightbox-slideshow=\"32541840\" data-elementor-lightbox-title=\"Se connecter au serveur\" href='http:\/\/sdbts.yadmordekhai.com\/wp-content\/uploads\/2021\/04\/Capture2-1.png'><img width=\"289\" height=\"156\" src=\"http:\/\/sdbts.yadmordekhai.com\/wp-content\/uploads\/2021\/04\/Capture2-1.png\" alt=\"\" loading=\"lazy\" srcset=\"http:\/\/sdbts.yadmordekhai.com\/wp-content\/uploads\/2021\/04\/Capture2-1.png 289w, http:\/\/sdbts.yadmordekhai.com\/wp-content\/uploads\/2021\/04\/Capture2-1-111x60.png 111w\" sizes=\"(max-width: 289px) 100vw, 289px\" \/><\/a><br \/>\n\t\t\t<\/figure>\n<figure class='gallery-item'>\n\t\t\t\t<a data-elementor-open-lightbox=\"yes\" data-elementor-lightbox-slideshow=\"32541840\" data-elementor-lightbox-title=\"Choix du joueur\" href='http:\/\/sdbts.yadmordekhai.com\/wp-content\/uploads\/2021\/04\/Urban.Marginal-1.jpg'><img width=\"260\" height=\"194\" src=\"http:\/\/sdbts.yadmordekhai.com\/wp-content\/uploads\/2021\/04\/Urban.Marginal-1.jpg\" alt=\"\" loading=\"lazy\" srcset=\"http:\/\/sdbts.yadmordekhai.com\/wp-content\/uploads\/2021\/04\/Urban.Marginal-1.jpg 260w, http:\/\/sdbts.yadmordekhai.com\/wp-content\/uploads\/2021\/04\/Urban.Marginal-1-80x60.jpg 80w\" sizes=\"(max-width: 260px) 100vw, 260px\" \/><\/a><br \/>\n\t\t\t<\/figure>\n<figure class='gallery-item'>\n\t\t\t\t<a data-elementor-open-lightbox=\"yes\" data-elementor-lightbox-slideshow=\"32541840\" data-elementor-lightbox-title=\"Ar\u00e8ne\" href='http:\/\/sdbts.yadmordekhai.com\/wp-content\/uploads\/2021\/04\/Capture3-300x246-2.png'><img width=\"300\" height=\"246\" src=\"http:\/\/sdbts.yadmordekhai.com\/wp-content\/uploads\/2021\/04\/Capture3-300x246-2.png\" alt=\"\" loading=\"lazy\" srcset=\"http:\/\/sdbts.yadmordekhai.com\/wp-content\/uploads\/2021\/04\/Capture3-300x246-2.png 300w, http:\/\/sdbts.yadmordekhai.com\/wp-content\/uploads\/2021\/04\/Capture3-300x246-2-73x60.png 73w\" sizes=\"(max-width: 300px) 100vw, 300px\" \/><\/a><br \/>\n\t\t\t<\/figure>\n<figure class='gallery-item'>\n\t\t\t\t<a data-elementor-open-lightbox=\"yes\" data-elementor-lightbox-slideshow=\"32541840\" data-elementor-lightbox-title=\"Code Urban Marginal\" href='http:\/\/sdbts.yadmordekhai.com\/wp-content\/uploads\/2021\/04\/2019-03-25-7-300x169-2.png'><img width=\"300\" height=\"169\" src=\"http:\/\/sdbts.yadmordekhai.com\/wp-content\/uploads\/2021\/04\/2019-03-25-7-300x169-2.png\" alt=\"\" loading=\"lazy\" srcset=\"http:\/\/sdbts.yadmordekhai.com\/wp-content\/uploads\/2021\/04\/2019-03-25-7-300x169-2.png 300w, http:\/\/sdbts.yadmordekhai.com\/wp-content\/uploads\/2021\/04\/2019-03-25-7-300x169-2-107x60.png 107w\" sizes=\"(max-width: 300px) 100vw, 300px\" \/><\/a><br \/>\n\t\t\t<\/figure>\n<figure class='gallery-item'>\n\t\t\t\t<a data-elementor-open-lightbox=\"yes\" data-elementor-lightbox-slideshow=\"32541840\" data-elementor-lightbox-title=\"Arborescence\" href='http:\/\/sdbts.yadmordekhai.com\/wp-content\/uploads\/2021\/04\/Capture-1-1-137x300-2.png'><img width=\"137\" height=\"300\" src=\"http:\/\/sdbts.yadmordekhai.com\/wp-content\/uploads\/2021\/04\/Capture-1-1-137x300-2.png\" alt=\"\" loading=\"lazy\" srcset=\"http:\/\/sdbts.yadmordekhai.com\/wp-content\/uploads\/2021\/04\/Capture-1-1-137x300-2.png 137w, http:\/\/sdbts.yadmordekhai.com\/wp-content\/uploads\/2021\/04\/Capture-1-1-137x300-2-27x60.png 27w\" sizes=\"(max-width: 137px) 100vw, 137px\" \/><\/a><br \/>\n\t\t\t<\/figure>\n<h6>\n<h2>A propos du TP<\/h6>\n<p>\t\t\t\t\t\t\t\t\t\t\t\t<a href=\"\">Technologies utilis\u00e9es<\/a><\/p>\n<p>IDE:<br \/>Eclipse, WindowBuilder<\/p>\n<p>EDI:<br \/>JDK<\/p>\n<p>Langages:<br \/>Java<\/p>\n<p>\t\t\t\t\t\t\t\t\t\t\t\t<a href=\"\">Objectifs<\/a><\/p>\n<p>Initiation au Java<\/p>\n<p>Acqu\u00e9rir une exp\u00e9rience dans la configuration des outils et le d\u00e9veloppement<\/p>\n<p>Savoir coder sur NetBeans<\/p>\n<p>Comprendre le fonctionnement du traitement des fichiers par le navigateur<\/p>\n<p>Apprendre plusieurs outils de design de site web<\/p>\n<p>\t\t\t\t\t\t\t\t\t\t\t\t<a href=\"\">Comp\u00e9tences<\/a><br \/>\n\t\t\t\t\tCe TP m&rsquo;a permis de perfectionner mon codage sur NetBeans et d&rsquo;apprendre a coder en Java.<br \/>\n<br \/>\nDe plus j&rsquo;ai \u00e9galement pu commencer \u00e0 d\u00e9couvrir l\u2019utilit\u00e9 d\u2019un IDE (ici Eclipse), ainsi que son fonctionnement et comprendre le m\u00e9canisme d\u2019un jeu dans lequel plusieurs joueurs peuvent se connecter et partager la m\u00eame partie.<\/p>\n","protected":false},"excerpt":{"rendered":"<p>TP DE D\u00c9VELOPPEMENT D&rsquo;APPLICATION CONSISTANT \u00c0 CR\u00c9ER UN JEU EN 2D Contexte du site Ce TP est un projet de d\u00e9veloppement d\u2019une application en local et de son d\u00e9ploiement. L\u2019application d\u00e9velopp\u00e9e est un jeu 2D comportant des joueurs qui s\u2019affrontent dans une ar\u00e8ne. Elle met en relation les clients qui se connectent au serveur et les clients peuvent jouer \u00e0 &hellip; <\/p>\n","protected":false},"author":1,"featured_media":0,"parent":0,"menu_order":0,"comment_status":"closed","ping_status":"closed","template":"","meta":[],"_links":{"self":[{"href":"https:\/\/sarah.delahaye.pro\/index.php\/wp-json\/wp\/v2\/pages\/85"}],"collection":[{"href":"https:\/\/sarah.delahaye.pro\/index.php\/wp-json\/wp\/v2\/pages"}],"about":[{"href":"https:\/\/sarah.delahaye.pro\/index.php\/wp-json\/wp\/v2\/types\/page"}],"author":[{"embeddable":true,"href":"https:\/\/sarah.delahaye.pro\/index.php\/wp-json\/wp\/v2\/users\/1"}],"replies":[{"embeddable":true,"href":"https:\/\/sarah.delahaye.pro\/index.php\/wp-json\/wp\/v2\/comments?post=85"}],"version-history":[{"count":0,"href":"https:\/\/sarah.delahaye.pro\/index.php\/wp-json\/wp\/v2\/pages\/85\/revisions"}],"wp:attachment":[{"href":"https:\/\/sarah.delahaye.pro\/index.php\/wp-json\/wp\/v2\/media?parent=85"}],"curies":[{"name":"wp","href":"https:\/\/api.w.org\/{rel}","templated":true}]}}