{"id":35,"date":"2021-01-05T19:13:17","date_gmt":"2021-01-05T18:13:17","guid":{"rendered":"http:\/\/sdbts.yadmordekhai.com\/?page_id=35"},"modified":"2021-04-21T14:01:07","modified_gmt":"2021-04-21T12:01:07","slug":"stages","status":"publish","type":"page","link":"https:\/\/sarah.delahaye.pro\/index.php\/stages\/","title":{"rendered":"Stages"},"content":{"rendered":"<h4>Mes Stages<\/h4>\n<figure><a href=\"http:\/\/sdbts.yadmordekhai.com\/index.php\/premiere-annee\/\"><img width=\"363\" height=\"118\" src=\"http:\/\/sdbts.yadmordekhai.com\/wp-content\/uploads\/2021\/04\/expertox-logo.png\" alt=\"\" loading=\"lazy\" srcset=\"http:\/\/sdbts.yadmordekhai.com\/wp-content\/uploads\/2021\/04\/expertox-logo.png 363w, http:\/\/sdbts.yadmordekhai.com\/wp-content\/uploads\/2021\/04\/expertox-logo-300x98.png 300w, http:\/\/sdbts.yadmordekhai.com\/wp-content\/uploads\/2021\/04\/expertox-logo-185x60.png 185w\" sizes=\"(max-width: 363px) 100vw, 363px\" \/><\/a><\/figure>\n<h3><a href=\"http:\/\/sdbts.yadmordekhai.com\/index.php\/premiere-annee\/\">EXPERTOX<\/a><\/h3>\n<p>Premi\u00e8re ann\u00e9e<\/p>\n<figure><a href=\"http:\/\/sdbts.yadmordekhai.com\/index.php\/deuxieme-annee\/\"><img width=\"245\" height=\"206\" src=\"http:\/\/sdbts.yadmordekhai.com\/wp-content\/uploads\/2021\/04\/sod.jpg\" alt=\"\" loading=\"lazy\" srcset=\"http:\/\/sdbts.yadmordekhai.com\/wp-content\/uploads\/2021\/04\/sod.jpg 245w, http:\/\/sdbts.yadmordekhai.com\/wp-content\/uploads\/2021\/04\/sod-71x60.jpg 71w\" sizes=\"(max-width: 245px) 100vw, 245px\" \/><\/a><\/figure>\n<h3><a href=\"http:\/\/sdbts.yadmordekhai.com\/index.php\/deuxieme-annee\/\">SOD Formations<\/a><\/h3>\n<p>deuxi\u00e8me ann\u00e9e<\/p>\n","protected":false},"excerpt":{"rendered":"<p>Mes Stages EXPERTOX Premi\u00e8re ann\u00e9e SOD Formations deuxi\u00e8me ann\u00e9e<\/p>\n","protected":false},"author":1,"featured_media":0,"parent":0,"menu_order":0,"comment_status":"closed","ping_status":"closed","template":"","meta":[],"_links":{"self":[{"href":"https:\/\/sarah.delahaye.pro\/index.php\/wp-json\/wp\/v2\/pages\/35"}],"collection":[{"href":"https:\/\/sarah.delahaye.pro\/index.php\/wp-json\/wp\/v2\/pages"}],"about":[{"href":"https:\/\/sarah.delahaye.pro\/index.php\/wp-json\/wp\/v2\/types\/page"}],"author":[{"embeddable":true,"href":"https:\/\/sarah.delahaye.pro\/index.php\/wp-json\/wp\/v2\/users\/1"}],"replies":[{"embeddable":true,"href":"https:\/\/sarah.delahaye.pro\/index.php\/wp-json\/wp\/v2\/comments?post=35"}],"version-history":[{"count":0,"href":"https:\/\/sarah.delahaye.pro\/index.php\/wp-json\/wp\/v2\/pages\/35\/revisions"}],"wp:attachment":[{"href":"https:\/\/sarah.delahaye.pro\/index.php\/wp-json\/wp\/v2\/media?parent=35"}],"curies":[{"name":"wp","href":"https:\/\/api.w.org\/{rel}","templated":true}]}}