{"id":100,"date":"2021-01-19T17:31:06","date_gmt":"2021-01-19T16:31:06","guid":{"rendered":"http:\/\/sdbts.yadmordekhai.com\/?page_id=100"},"modified":"2021-04-22T21:02:50","modified_gmt":"2021-04-22T19:02:50","slug":"deuxieme-annee","status":"publish","type":"page","link":"https:\/\/sarah.delahaye.pro\/index.php\/deuxieme-annee\/","title":{"rendered":"Stage de deuxi\u00e8me Ann\u00e9e"},"content":{"rendered":"<h6>SOD Formation<\/h6>\n<h5>\n<h2>Gerer une base de donnee<\/h5>\n<p>\t\t\t\t\t\t\t\t\t\t\t<a href=\"http:\/\/www.expertoxcabinet.fr\/\" target=\"_blank\" rel=\"noopener\"><br \/>\n\t\t\t\t\t\t\t<img width=\"245\" height=\"206\" src=\"http:\/\/sdbts.yadmordekhai.com\/wp-content\/uploads\/2021\/04\/sod.jpg\" alt=\"\" loading=\"lazy\" srcset=\"http:\/\/sdbts.yadmordekhai.com\/wp-content\/uploads\/2021\/04\/sod.jpg 245w, http:\/\/sdbts.yadmordekhai.com\/wp-content\/uploads\/2021\/04\/sod-71x60.jpg 71w\" sizes=\"(max-width: 245px) 100vw, 245px\" \/>\t\t\t\t\t\t\t\t<\/a><br \/>\n\t\t\t\t\t\t\t\t\t\t\t\t<a href=\"\">Contexte de l&rsquo;entreprise<\/a><\/p>\n<p>SOD formations est une entreprise qui prend en charge le d\u00e9veloppement de sites web pour ses clients. Les locaux sont bas\u00e9s au 9 place Vincent Van Gogh, 91420 Morangis.<\/p>\n<p>\t\t\t\t\t\t\t\t\t\t\t\t<a href=\"\">Dur\u00e9e du stage<\/a><\/p>\n<p>Du 11 janvier 2021 au 12\u00a0 f\u00e9vrier 2021.<\/p>\n<p>\t\t\t\t\t\t\t\t\t\t\t\t<a href=\"\">Ma mission<\/a><\/p>\n<p>Ma premi\u00e8re mission a \u00e9t\u00e9 de cr\u00e9er, a partir d&rsquo;un cahier des charges du client, un site internet pour l&rsquo;\u00e9cole de comptabilit\u00e9 <a href=\"https:\/\/euroforma.projetsinfo.com\/\" target=\"_blank\" rel=\"noopener\">Euroforma<\/a>.<\/p>\n<p>Ma seconde mission a \u00e9t\u00e9 de faire la refonte d&rsquo;un <a href=\"http:\/\/portfolio.projetsinfo.com\/\" target=\"_blank\" rel=\"noopener\">Portfolio<\/a>, donc l&rsquo;am\u00e9lioration d&rsquo;un site pour lui redonner un aspect plus attrayant.<\/p>\n<p>\t\t\t\t\t\t\t\t\t\t\t\t<a href=\"\">Technologies utilis\u00e9es<\/a><\/p>\n<p><i><u>Premi\u00e8re<\/u><\/i><em>\u00a0mission<\/em><br \/>CMS: WordPress<\/p>\n<p><i><u>Deuxi\u00e8me mission<\/u><\/i><br \/>CMS: WordPress<\/p>\n<p>\t\t\t\t\t\t\t\t\t\t\t\t<a href=\"\">Comp\u00e9tences acquises<\/a><\/p>\n<p><i><u>Premi\u00e8re<\/u><\/i><em> mission<\/em><br \/>Ce stage m\u2019a permis d\u2019int\u00e9grer une \u00e9quipe pour un projet donn\u00e9 et de s&rsquo;organiser, mais aussi de r\u00e9pondre \u00e0 un besoin, de consulter et d\u2019\u00e9tudier un cahier des charges.<\/p>\n<p><i><u>Deuxi\u00e8me mission<\/u><\/i><br \/>Ce stage m&rsquo;a permis d&rsquo;am\u00e9liorer ma cr\u00e9ativit\u00e9 tout en me pliant aux volont\u00e9s et aux gouts du client. Il m&rsquo;a \u00e9galement permis de modifier l&rsquo;aspect du site sans pour autant le d\u00e9naturer.<\/p>\n","protected":false},"excerpt":{"rendered":"<p>SOD Formation Gerer une base de donnee Contexte de l&rsquo;entreprise SOD formations est une entreprise qui prend en charge le d\u00e9veloppement de sites web pour ses clients. Les locaux sont bas\u00e9s au 9 place Vincent Van Gogh, 91420 Morangis. Dur\u00e9e du stage Du 11 janvier 2021 au 12\u00a0 f\u00e9vrier 2021. Ma mission Ma premi\u00e8re mission a \u00e9t\u00e9 de cr\u00e9er, a &hellip; <\/p>\n","protected":false},"author":1,"featured_media":0,"parent":0,"menu_order":0,"comment_status":"closed","ping_status":"closed","template":"","meta":[],"_links":{"self":[{"href":"https:\/\/sarah.delahaye.pro\/index.php\/wp-json\/wp\/v2\/pages\/100"}],"collection":[{"href":"https:\/\/sarah.delahaye.pro\/index.php\/wp-json\/wp\/v2\/pages"}],"about":[{"href":"https:\/\/sarah.delahaye.pro\/index.php\/wp-json\/wp\/v2\/types\/page"}],"author":[{"embeddable":true,"href":"https:\/\/sarah.delahaye.pro\/index.php\/wp-json\/wp\/v2\/users\/1"}],"replies":[{"embeddable":true,"href":"https:\/\/sarah.delahaye.pro\/index.php\/wp-json\/wp\/v2\/comments?post=100"}],"version-history":[{"count":0,"href":"https:\/\/sarah.delahaye.pro\/index.php\/wp-json\/wp\/v2\/pages\/100\/revisions"}],"wp:attachment":[{"href":"https:\/\/sarah.delahaye.pro\/index.php\/wp-json\/wp\/v2\/media?parent=100"}],"curies":[{"name":"wp","href":"https:\/\/api.w.org\/{rel}","templated":true}]}}